{"id":15677,"date":"2025-12-09T16:49:11","date_gmt":"2025-12-09T16:49:11","guid":{"rendered":"https:\/\/assoumi.subli.ma\/?post_type=product&#038;p=15677"},"modified":"2025-12-10T09:25:58","modified_gmt":"2025-12-10T09:25:58","slug":"mug-sublimation-interieur-rouge-anse-coeur-330ml","status":"publish","type":"product","link":"https:\/\/assoumi.subli.ma\/?product=mug-sublimation-interieur-rouge-anse-coeur-330ml","title":{"rendered":"Mug sublimation int\u00e9rieur rouge anse c\u0153ur 330ml"},"content":{"rendered":"<h1 class=\"product_title entry-title\">Mug sublimation anse c\u0153ur 330ml<\/h1>\n<p>Le mug est l\u2019objet id\u00e9al \u00e0 personnaliser. A la fois utile et pratique, vous n\u2019avez plus qu\u2019\u00e0 choisir le message, la photo ou le logo de votre choix \u00e0 sublimer.<\/p>\n<p>Cet objet tendance vous permettra de vous d\u00e9marquer en apportant une touche d\u2019originalit\u00e9 gr\u00e2ce \u00e0 son c\u00f4t\u00e9 bicolore.<\/p>\n<p>Ces tasses pour sublimation sont id\u00e9ales pour les cadeaux personnalis\u00e9s ou comme articles promotionnels. Vous pourrez ainsi cr\u00e9er :<br \/>\n\u2013 Des superbes tasses avec photo aux couleurs vibrantes<br \/>\n\u2013 Des articles promotionnels, ou des tasses pour une marque<br \/>\n\u2013 Des tasses pour toute entreprise, organisation, \u00e9quipe sportive<br \/>\n\u2013 Des tasses personnalis\u00e9es pour les anniversaires<\/p>\n<p><strong>NB<\/strong>\u00a0: Ce Mug sublimation int\u00e9rieur bleu fonc\u00e9 anse c\u0153ur 330ml passe au lave-vaisselle<\/p>\n<p><strong>L\u2019Astuce Subli.ma :<\/strong>\u00a0pour am\u00e9liorer la qualit\u00e9 de votre travail, pensez \u00e0 utiliser une feuille de t\u00e9flon et du scotch haute temp\u00e9rature. Nous vous conseillons de presser votre mug durant 180 secondes entre 180\u00b0C et 200\u00b0C avec une pression moyenne.<\/p>\n<p>Avant de lancer une production compl\u00e8te, r\u00e9alisez toujours quelques essais, de fa\u00e7on \u00e0 trouver le parfait \u00e9quilibre entre votre pression, le temps de chauffe et la temp\u00e9rature.<\/p>\n","protected":false},"excerpt":{"rendered":"<ul>\n<li>Poign\u00e9e coeur<\/li>\n<li>Hauteur : 95 mm<\/li>\n<li>Diam\u00e8tre : 82 mm<\/li>\n<li>Contenance : 325 ml<\/li>\n<\/ul>\n","protected":false},"featured_media":15662,"comment_status":"open","ping_status":"closed","template":"","meta":[],"product_brand":[],"product_cat":[71],"product_tag":[],"class_list":{"0":"post-15677","1":"product","2":"type-product","3":"status-publish","4":"has-post-thumbnail","6":"product_cat-mug","8":"first","9":"instock","10":"shipping-taxable","11":"purchasable","12":"product-type-simple"},"_links":{"self":[{"href":"https:\/\/assoumi.subli.ma\/index.php?rest_route=\/wp\/v2\/product\/15677","targetHints":{"allow":["GET"]}}],"collection":[{"href":"https:\/\/assoumi.subli.ma\/index.php?rest_route=\/wp\/v2\/product"}],"about":[{"href":"https:\/\/assoumi.subli.ma\/index.php?rest_route=\/wp\/v2\/types\/product"}],"replies":[{"embeddable":true,"href":"https:\/\/assoumi.subli.ma\/index.php?rest_route=%2Fwp%2Fv2%2Fcomments&post=15677"}],"version-history":[{"count":1,"href":"https:\/\/assoumi.subli.ma\/index.php?rest_route=\/wp\/v2\/product\/15677\/revisions"}],"predecessor-version":[{"id":15678,"href":"https:\/\/assoumi.subli.ma\/index.php?rest_route=\/wp\/v2\/product\/15677\/revisions\/15678"}],"wp:featuredmedia":[{"embeddable":true,"href":"https:\/\/assoumi.subli.ma\/index.php?rest_route=\/wp\/v2\/media\/15662"}],"wp:attachment":[{"href":"https:\/\/assoumi.subli.ma\/index.php?rest_route=%2Fwp%2Fv2%2Fmedia&parent=15677"}],"wp:term":[{"taxonomy":"product_brand","embeddable":true,"href":"https:\/\/assoumi.subli.ma\/index.php?rest_route=%2Fwp%2Fv2%2Fproduct_brand&post=15677"},{"taxonomy":"product_cat","embeddable":true,"href":"https:\/\/assoumi.subli.ma\/index.php?rest_route=%2Fwp%2Fv2%2Fproduct_cat&post=15677"},{"taxonomy":"product_tag","embeddable":true,"href":"https:\/\/assoumi.subli.ma\/index.php?rest_route=%2Fwp%2Fv2%2Fproduct_tag&post=15677"}],"curies":[{"name":"wp","href":"https:\/\/api.w.org\/{rel}","templated":true}]}}