{"id":15704,"date":"2025-12-10T13:08:13","date_gmt":"2025-12-10T13:08:13","guid":{"rendered":"https:\/\/assoumi.subli.ma\/?post_type=product&#038;p=15704"},"modified":"2025-12-10T13:25:41","modified_gmt":"2025-12-10T13:25:41","slug":"mug-interieur-colore-anse-normal","status":"publish","type":"product","link":"https:\/\/assoumi.subli.ma\/?product=mug-interieur-colore-anse-normal","title":{"rendered":"Mug  int\u00e9rieur color\u00e9 anse normal"},"content":{"rendered":"<ul>\n<li>\n<h1><strong><span dir=\"auto\">Mug personnalis\u00e9 avec int\u00e9rieur de couleur \u2014 Un cadeau unique et original<\/span><\/strong><\/h1>\n<p><span dir=\"auto\">Envie de d\u00e9nicher un cadeau original et qui fera r\u00e9fl\u00e9chir\u00a0? La tasse personnalis\u00e9e \u00e0 int\u00e9rieur color\u00e9 de Quapri est la solution id\u00e9ale pour cr\u00e9er un souvenir pr\u00e9cieux. Que ce soit pour un anniversaire, une occasion sp\u00e9ciale ou simplement pour vous faire plaisir, notre gamme de tasses personnalis\u00e9es vous permet d&rsquo;y ajouter vos photos, logos ou motifs pr\u00e9f\u00e9r\u00e9s pour un cadeau unique et personnalis\u00e9.<\/span><\/p>\n<h2><strong><span dir=\"auto\">Caract\u00e9ristiques principales de la tasse \u00e0 int\u00e9rieur color\u00e9 de Subli.ma<\/span><\/strong><\/h2>\n<p><span dir=\"auto\">La tasse photo personnalis\u00e9e \u00e0 int\u00e9rieur couleur de Quapri est fabriqu\u00e9e en c\u00e9ramique de haute qualit\u00e9.<\/span><\/p>\n<p><span dir=\"auto\">Nos tasses en c\u00e9ramique haut de gamme et personnalis\u00e9es sont fabriqu\u00e9es \u00e0 partir de c\u00e9ramique de la plus haute qualit\u00e9 et d&rsquo;une durabilit\u00e9 exceptionnelle. Que vous l&rsquo;utilisiez au quotidien pour satisfaire vos envies de caf\u00e9ine ou comme un pr\u00e9cieux souvenir, cette tasse \u00e0 int\u00e9rieur color\u00e9 est con\u00e7ue pour r\u00e9sister \u00e0 une utilisation quotidienne intensive.<\/span><\/p>\n<h3><strong><span dir=\"auto\">Option personnalis\u00e9e avec photos ou logos<\/span><\/strong><\/h3>\n<p><span dir=\"auto\">Cr\u00e9ez votre mug photo personnalis\u00e9 id\u00e9al avec votre photo pr\u00e9f\u00e9r\u00e9e, une citation inspirante ou le logo de votre entreprise. Nos articles de boisson personnalis\u00e9s b\u00e9n\u00e9ficient d&rsquo;impressions haute r\u00e9solution r\u00e9sistantes \u00e0 la d\u00e9coloration, qui conservent leurs couleurs \u00e9clatantes et leurs d\u00e9tails pr\u00e9cis au fil du temps.<\/span><\/p>\n<p><strong><span dir=\"auto\">\u00a0Options de couleur int\u00e9rieure pour la personnalisation<\/span><\/strong><\/p>\n<p><span dir=\"auto\">Personnalisez votre mug gr\u00e2ce \u00e0 notre option de couleur int\u00e9rieure. Choisissez la couleur qui vous pla\u00eet parmi les nombreuses options propos\u00e9es, selon vos envies ou votre design. Votre mug personnalis\u00e9 se d\u00e9marquera et sera encore plus attrayant.<\/span><\/p>\n<p><strong><span dir=\"auto\">Compatible lave-vaisselle et micro-ondes<\/span><\/strong><\/p>\n<p><strong><span dir=\"auto\">Parfait pour toutes les occasions<\/span><\/strong><\/p>\n<p><span dir=\"auto\">Cette tasse personnalis\u00e9e \u00e0 l&rsquo;int\u00e9rieur color\u00e9 est le cadeau id\u00e9al pour toutes les occasions : f\u00eates, anniversaires ou pour partager une photo. Elle sera parfaite pour les f\u00eates et les anniversaires de mariage, ainsi que pour les cadeaux d&rsquo;entreprise. C&rsquo;est un pr\u00e9sent attentionn\u00e9 et charmant qui sera appr\u00e9ci\u00e9 pendant des ann\u00e9es.<\/span><\/p>\n<h4><strong><span dir=\"auto\">Descriptions d\u00e9taill\u00e9es des fonctionnalit\u00e9s<\/span><\/strong><\/h4>\n<h4><strong><span dir=\"auto\">\u00a0Pourquoi la tasse \u00e0 int\u00e9rieur personnalis\u00e9 de Subbli.ma est-elle meilleure que les autres ?<\/span><\/strong><\/h4>\n<p><strong><span dir=\"auto\">Qualit\u00e9 d&rsquo;impression sup\u00e9rieure \u00e0 celle de tous les autres<\/span><\/strong><\/p>\n<p><span dir=\"auto\">Chez Subli.ma, nous vous assurons des motifs de tasses de qualit\u00e9, r\u00e9sistants aux impressions, qui peuvent durer des ann\u00e9es \u2013 un luxe que peu d&rsquo;autres offrent.<\/span><\/p>\n<h4><strong><span dir=\"auto\">Plus d&rsquo;options de personnalisation<\/span><\/strong><\/h4>\n<p><span dir=\"auto\">Contrairement \u00e0 la plupart des vendeurs qui vous laissent peu de choix en mati\u00e8re de personnalisation, nous vous offrons une grande libert\u00e9 pour cr\u00e9er des tasses avec des accents de couleur, ce qui peut facilement rendre votre commande unique.<\/span><\/p>\n<h4><strong><span dir=\"auto\">Prix \u200b\u200bbas, mais qualit\u00e9 exceptionnelle<\/span><\/strong><\/h4>\n<p><span dir=\"auto\">Nos\u00a0<\/span><span dir=\"auto\">tasses \u00e0 caf\u00e9 personnalis\u00e9es<\/span><span dir=\"auto\">\u00a0allient prix abordable et savoir-faire haut de gamme pour vous offrir des tasses personnalis\u00e9es de haute qualit\u00e9 \u00e0 des prix tr\u00e8s abordables.<\/span><\/p>\n<h4><span dir=\"auto\">N&rsquo;attendez plus\u00a0! Commandez d\u00e8s maintenant et \u00e9gayez votre journ\u00e9e\u00a0!\u00a0<\/span><strong><span dir=\"auto\">Rendez-vous dans votre panier<\/span><\/strong><span dir=\"auto\">\u00a0, t\u00e9l\u00e9chargez votre design et cliquez sur\u00a0<\/span><strong><span dir=\"auto\">\u00ab\u00a0Commander\u00a0\u00bb<\/span><\/strong><span dir=\"auto\">\u00a0. Pour toute question ou commande group\u00e9e, contactez\u00a0<\/span><strong><span dir=\"auto\">-nous par WhatsApp<\/span><\/strong><span dir=\"auto\">\u00a0pour une assistance personnalis\u00e9e. Nous sommes l\u00e0 pour vous aider \u00e0 cr\u00e9er le mug personnalis\u00e9 \u00e0 int\u00e9rieur color\u00e9 id\u00e9al\u00a0!<\/span><\/h4>\n<\/li>\n<\/ul>\n","protected":false},"excerpt":{"rendered":"<div class=\"rte\">\n<ul>\n<li>Mug Poign\u00e9e normal sublimation<\/li>\n<li>printing temperatures\u00a0 190-23o C<\/li>\n<li>Print time\u00a0 60 \u2013 140 sec<\/li>\n<li>Hauteur : 95 mm<\/li>\n<li>Diam\u00e8tre : 82 mm<\/li>\n<li>Contenance : 325 ml<\/li>\n<\/ul>\n<\/div>\n","protected":false},"featured_media":15713,"comment_status":"open","ping_status":"closed","template":"","meta":[],"product_brand":[],"product_cat":[71],"product_tag":[72],"class_list":{"0":"post-15704","1":"product","2":"type-product","3":"status-publish","4":"has-post-thumbnail","6":"product_cat-mug","7":"product_tag-mug-sublimation","9":"first","10":"instock","11":"shipping-taxable","12":"purchasable","13":"product-type-variable"},"_links":{"self":[{"href":"https:\/\/assoumi.subli.ma\/index.php?rest_route=\/wp\/v2\/product\/15704","targetHints":{"allow":["GET"]}}],"collection":[{"href":"https:\/\/assoumi.subli.ma\/index.php?rest_route=\/wp\/v2\/product"}],"about":[{"href":"https:\/\/assoumi.subli.ma\/index.php?rest_route=\/wp\/v2\/types\/product"}],"replies":[{"embeddable":true,"href":"https:\/\/assoumi.subli.ma\/index.php?rest_route=%2Fwp%2Fv2%2Fcomments&post=15704"}],"version-history":[{"count":4,"href":"https:\/\/assoumi.subli.ma\/index.php?rest_route=\/wp\/v2\/product\/15704\/revisions"}],"predecessor-version":[{"id":15719,"href":"https:\/\/assoumi.subli.ma\/index.php?rest_route=\/wp\/v2\/product\/15704\/revisions\/15719"}],"wp:featuredmedia":[{"embeddable":true,"href":"https:\/\/assoumi.subli.ma\/index.php?rest_route=\/wp\/v2\/media\/15713"}],"wp:attachment":[{"href":"https:\/\/assoumi.subli.ma\/index.php?rest_route=%2Fwp%2Fv2%2Fmedia&parent=15704"}],"wp:term":[{"taxonomy":"product_brand","embeddable":true,"href":"https:\/\/assoumi.subli.ma\/index.php?rest_route=%2Fwp%2Fv2%2Fproduct_brand&post=15704"},{"taxonomy":"product_cat","embeddable":true,"href":"https:\/\/assoumi.subli.ma\/index.php?rest_route=%2Fwp%2Fv2%2Fproduct_cat&post=15704"},{"taxonomy":"product_tag","embeddable":true,"href":"https:\/\/assoumi.subli.ma\/index.php?rest_route=%2Fwp%2Fv2%2Fproduct_tag&post=15704"}],"curies":[{"name":"wp","href":"https:\/\/api.w.org\/{rel}","templated":true}]}}